culate (2 - (4 - -11)) + 20.
7
What is the value of -1 + 14 - (-3 - -23 - 17) - 7?
3
What is -125 + 139 + -29 + 1?
-14
Calculate 1 + 7 + -9 + 4 + (-11 - -1).
-7
What is (-1 - 4 - 5) + (15 - 18)?
-13
Calculate 19 + (-5 + -1 + -8 + 12 - -10).
27
What is 1 + -6 - (-8 - -17)?
-14
Evaluate (27 - 33 - 9) + 20.
5
Evaluate 14 + (17 - 14) + -10.
7
What is the value of 10 - (-2 - -9 - ((-1 - -23) + -17))?
8
Evaluate 1 + (-1 - 8) - -7.
-1
What is 763 + -729 + 1 + -23?
12
Evaluate -8 + (23 - (1 - (13 + -11))).
16
Evaluate (7 - (-4 + 2) - -19) + (5 - 14).
19
-3 - (-10 + 3 + 4) - (17 - 21)
4
What is (-7 - 0) + (79 + -62 - 23)?
-13
What is the value of -6 - (-19 - (-16 + 5 + -1))?
1
Evaluate -30 + 15 + 11 - -3.
-1
What is the value of -24 + 7 + -13 + 10?
-20
2 - -1 - ((-13 + 1 - -17) + 8)
-10
-8 + 38 + -18 + 5
17
(-8 - (-27 + 36 - (0 - 1))) + 8
-10
What is -2 - -1 - (9 - (-9 + 11)) - -23?
15
What is (4 - 2 - 17) + 20 + -12?
-7
Calculate -1 - (-2 + (1 - 4 - (-21 + 9))).
-8
Calculate 1 - -1 - ((14 - 21) + 3).
6
What is the value of 58 + -65 + -6 + 15 + -6?
-4
(49 - 21 - 21) + -31 + -1 + 3
-22
-9 + 4 + (-18 - -13 - -17)
7
What is 1 + -22 + 27 + -20?
-14
What is -2 + -12 + 34 + -44 - (16 + -5)?
-35
Evaluate -258 + 260 - (0 - (2 + 1)).
5
(-5 - -14) + (-45 - (-47 - -23))
-12
Calculate 5 - (1 + (5 - (-1 + -6 + 7))).
-1
What is -42 + 36 - (3 + -4 + -2 - 7)?
4
Evaluate 17 - (1 + (49 - 47) + (-3 - -1)).
16
What is -2 - (1 - (7 - 13)) - -17?
8
Calculate -294 - -281 - (-1 + 0) - -12.
0
8 + -5 - (3 + 3) - (3 - 6)
0
What is the value of -2 + -14 + 1 + 7?
-8
Evaluate -11 + (0 - 0) + 23 - 12.
0
Calculate (-8 - -7) + -9 - -19 - 4.
5
What is the value of (-1 - 1) + (21 - 21 - (4 - 2))?
-4
What is the value of -109 + 130 - (-9 + (1 - -3))?
26
What is -10 - (1 + 14 - 1 - 45)?
21
Calculate -9 + (-23 - (-2 - 16)).
-14
-10 - -7 - (7 - -18 - 3)
-25
What is the value of -16 - ((-6 - -3) + -9)?
-4
(-2 - -37) + (-265 - -239)
9
Evaluate 0 + -2 + (8 + -5 - -4 - 3).
2
Calculate 7 + (17 + -22 - (0 + 1)) + 0.
1
What is 20 + 0 + -1212 + 1213?
21
Calculate (2 - 2) + 9 - 9 - -2.
2
Evaluate -40 + -6 + 99 + -63.
-10
(-8 - -6 - -6 - 8) + -1 - 0
-5
4 - (30 + -36 - (1 - 8))
3
What is -104 - -141 - (-7 - -9)?
35
Calculate -7 + 3 + -8 + 14.
2
What is the value of 2 + 5 + (-7 - 2 - -5 - 11)?
-8
Evaluate -23 - (-47 - -24) - (1 - 8).
7
Calculate 14 + -3 + 2 + 1 + -8.
6
Evaluate -1 + -1 + 8 + 20 + -26.
0
What is (-3 - (-19 - (-5 + -4))) + -1?
6
What is the value of 5 - (4 + 1) - ((9 - -1) + -7)?
-3
-38 + 44 + (16 - (-1 - 3))
26
What is -9 - -7 - (-9 - (-4 + 3))?
6
What is the value of (7 - 7 - 0) + 9 + -9?
0
Calculate -7 - (-16 + 18) - -2.
-7
Evaluate (-1 - (5 - (0 - -5)) - -2) + -16.
-15
What is the value of -56 - -72 - (3 - (6 - 12))?
7
-7 - (4 + (-13 - -10))
-8
Evaluate -14 + (-15 + 19 - 0).
-10
Evaluate (5 - (5 + -2 + 11) - -4) + 15.
10
Calculate (-2 - (-21 - 8)) + -24.
3
What is the value of -1 + 4 - (30 + -31)?
4
What is 40 + (-32 - (-19 - (-8 + 4)))?
23
What is the value of -14 + (-19 - (31 - 63))?
-1
Evaluate -3 - (2 - (-4 + 1)) - -8 - -2.
2
Calculate (18 - 24) + -9 + 1.
-14
Evaluate 6 + (0 - ((-15 - -7) + (8 - 0))).
6
151 - 149 - ((10 - (2 + -4)) + -3)
-7
Calculate -25 + 7 + (6 - (-4 + 6 + 0)).
-14
What is 21 - (13 - -27) - -13?
-6
(-2 + -20 - -25) + 9
12
What is the value of 41 - (-1 - (-8 + -7)) - 10?
17
Evaluate -9 + (17 - (6 - -11)).
-9
What is the value of 19 - (11 + -44 + 53)?
-1
Calculate (17 + -21 - -1) + 3.
0
21 + -11 + -4 + -8 - -11
9
Evaluate 172 + -186 + -1 + 30.
15
What is -3 + 6 + (-5 - -5) + 7 + 1?
11
9 + (-7 - -4) + -3 + (-3 - 0)
0
Calculate 20 + -10 + 16 + -17.
9
Evaluate -2 + 11 + (-4 - (-23 + -2)).
30
Calculate 37 - (-25 - -19) - 25.
18
What is -14 + (39 - 6 - 7)?
12
Evaluate 11 - (-12 - -17) - (2 + -2 + 5).
1
What is the value of 6 - (49 + -49 + (1 - (4 + -1)))?
8
Evaluate 1 + 7 + (-7 + -1 - (-48 + 45)).
3
Calculate 28 - 16 - 4 - (-4 + 0) - 1.
11
Evaluate -4 - (-13 + -1) - (8 - 3).
5
What is -5 - ((-3 - -7) + 0) - (-38 - -40)?
-11
Evaluate -25 + (-9 - ((-9 - -1) + 32 + -42)).
-16
Evaluate 9 + (39 - (40 + -14)).
22
What is -21 + 8 + 1 + 7?
-5
What is the value of -2 - (19 - (23 - 20))?
-18
Calculate 2 + (-9 - 1) + 42 + (-3 - 20).
11
What is the value of 2 + -10 + 10 - (1 - -6) - -7?
2
What is the value of -12 + (-10 - (17 + -31)) + 15?
7
19 - (38 - 15) - -3
-1
-3 + 8 + -18 + 14
1
What is 34 + (-7 - 7) - 25?
-5
What is -4 + 0 + (4 - (16 - 32))?
16
Evaluate -11 - (9 + -8 + -8 + 5 + 2).
-11
Evaluate 1 + 3 + -9 - -14.
9
What is 22 - 12 - (4 + 0 + (2 - 2))?
6
Calculate 0 - (2 - 4) - -13.
15
Evaluate 2 - (-24 - (20 - 12) - -8).
26
Calculate (-49 - (-8 - 49)) + (-1 + 2 - -3).
12
Calculate -18 + 9 + 31 + -13.
9
Calculate (-1 - -27) + -6 - 29.
-9
What is the value of (-5 - -15) + (4 - 3)?
11
(3 + -1 - (16 - 9)) + (-12 - -19)
2
-13 + (-3 - -14) - 9 - -21
10
Calculate 63 + -42 + 42 - 30.
33
(-37 - -46) + (-24 - -5) + -5
-15
(-9 - 20) + 20 - -31
22
What is (-3 + 0 - (128 + -136)) + 4?
9
What is the value of 6 + (-6 - -14 - (6 + 6))?
2
9 + 32 - 12 - 45
-16
(-2 + 28 - 9) + -11 + -1
5
(-2 - -21) + (42 - 45) + -1
15
What is 0 - 0 - ((16 - 44) + 14)?
14
Calculate -53 + 1 - (-875 + 846).
-23
What is the value of -20 + -4 - (7 - (4 - (-5 + -2)))?
-20
Evaluate (1 + -1 - (5 + 2)) + 14 + -22.
-15
(-26 - (4 - 19)) + 6 + (-3 - -2)
-6
What is -2 + 2 - (-23 - (8 + (-6 - 10)))?
15
-6 - ((12 + -8 - 11) + 0)
1
-2 - (0 + (-18 - 1) - (18 + -19))
16
What is the value of -2 - (-15 + 21 - -1)?
-9
Calculate (2 - (7 - -2) - (116 + -108)) + -2.
-17
What is -1 + 2 + 1 + (9 - (32 + 1))?
-22
Evaluate 11 + -12 + (14 - 13) + 11.
11
Calculate 21 + -2 + (4 - 38).
-15
-9 + (-7 + 4 - -19) - -4
11
What is the value of 12 + 9 + -5 - (2 - -34)?
-20
Evaluate 20 + -25 + 10 + -1.
4
What is 11 + (13 - 0 - 23)?
1
What is 15 - 1 - (-38 - (-19 + -29))?
4
What is 16 - (5 + 0 - (61 + -59)) - 7?
6
Evaluate -16 + (2 - -8) + 21.
15
Calculate -12 - (-1 + 47 + -17 - 18).
-23
Evaluate -7 + (10 - (9 + -7)).
1
What is the value of 5 + 0 + ((19 - -17) + -19 - 16)?
6
Calculate (-2 - 2) + -23 + 18 - (53 - 78).
16
32 + -8 + -3 + -4 - -5
22
What is (3 - (-5 - (-10 - -8))) + 0 + -14?
-8
Evaluate -6 + -2 + 27 + -12.
7
Calculate -8 + 0 - (-12 + 6 + -4).
2
Evaluate 8 + -33 + (-14 - (-26 - 1)).
-12
Evaluate (-71 - (68 - 135)) + 11 + -2.
5
Calculate (-2 - 4) + -103 + 113.
4
What is the value of -9 + -2 - (-297 - -259)?
27
What is the value of 2050 + -2045 - (0 + 0 - (-11 - 1))?
-7
What is the value of (3 - (6 - (-8 - -11))) + -19?
-19
Evaluate 0 + (0 - 3 - -7) + -4.
0
What is 21 - 37 - 24 - -28?
-12
Evaluate -10 + 21 - -5 - (5 - -3) - -8.
16
-53 + 39 - (-1 - (1 - (3 - 0)))
-15
-13 + 8 + -14 - (-5 - 3)
-11
13 + 11 + -10 + 6 + -2
18
Evaluate 6 - (1 - 2 - -1 - -2).
4
What is -3 + (14 - (0 + -6 + 13))?
4
Evaluate 454 + -429 - (0 + (2 - -12)).
11
What is -11 + 1 - (5 + -2 - (-2 + 3))?
-12
Evaluate -12 + ((16 + -7 - 5) + 2 - 9).
-15
-2 - 0 - 0 - (-36 + 85 - 58)
7
Evaluate 36 + (-29 - -27) + -19.
15
Calculate -13 + -8 + 14 + 26.
19
Evaluate 7 - (-29 + -18 - -31).
23
22 + (-29 - -13) + 7 - -7
20
What is the value of -29 + (45 - 18) + 9?
7
What is 6 - -93 - 63 - (-2 - -5)?
33
15 - (16 + -6) - (2 + -4) - 5
2
What is 26 - (-21 - -39 - 12)?
20
Calculate (-48 - -14) + 71 - 23.
14
Calculate 10 - 0 - (993 - 964).
-19
(-2 - -11) + (-4 - 19) + 2
-12
What is 8 + (-1 + -4 - (-3 - 1)) - 15?
-8
Evaluate 1 - (-7 - -4 - 2 - (66 + -64)).
8
What is the value of 44 + 9 + (-82 - -70)?
41
Evaluate 2 + 2 + (83 - 79).
8
Calculate 1 + 28 - (-190 - -224).
-5
7 + -8 + 18 + -49 - -10
-22
Calculate 7 + (-1 + 4 - (-4 + -2 + 8)).
8
What is 8 + (20 + -24 - (0 + 1))?
3
Evaluate 42 + (-23 - -8) - (2 + -2).
27
What is the value of 13 - 23 - -22 - (-7 + 39)?
-20
Evaluate 30 - (11 + -18 + 23).
14
What is the value of -3 - (10 + -7 - 9)?
3
What is the value of 23 + -6 + (0 + 1 - (10 - 11))?
19
What is the value of -12 - 1 - (-130 + 124)?
-7
Evaluate (-4 - 4) + -3 + (5 - 11) + 15.
-2
Calculate -18 - (0 + (-3 - -14) + -19).
-10
-1 + 48 + -61 + (0 - -5)
-9
Calculate -54 - (-26 + -21 + 23).
-30
Calculate (4 + -3 - -3 - -2) + (-142 - -116).
-20
What is the value of 1 + (-6 - -6) - (1 + 2 - -12)?
-14
Calculate (2 - (2 + 6)) + (10 - 6).
-2
-1 + 27 + -26 - (-5 - 1 - -1)
5
(2 - 38) + 120 + -57
27
C